{"id":37,"date":"2014-05-25T01:23:59","date_gmt":"2014-05-25T01:23:59","guid":{"rendered":"http:\/\/salymileto.com\/?page_id=37"},"modified":"2014-10-13T19:59:48","modified_gmt":"2014-10-13T19:59:48","slug":"fotografia","status":"publish","type":"page","link":"https:\/\/salymileto.com\/?page_id=37","title":{"rendered":"FOTOGRAF\u00cdA \/ PHOTOGRAPHY"},"content":{"rendered":"<p>Primer ensayo en la hacienda Tilipulo-Cotopaxi finales de Septiembre de 1994.<br \/>\n<a href=\"http:\/\/salymileto.com\/wp-content\/uploads\/2014\/05\/PRIMER-ENSAYO-OKT.1994.jpg\"><img loading=\"lazy\" src=\"http:\/\/salymileto.com\/wp-content\/uploads\/2014\/05\/PRIMER-ENSAYO-OKT.1994-231x300.jpg\" alt=\"PRIMER ENSAYO OKT.1994\" width=\"231\" height=\"300\" class=\"alignnone size-medium wp-image-147\" srcset=\"https:\/\/salymileto.com\/wp-content\/uploads\/2014\/05\/PRIMER-ENSAYO-OKT.1994-231x300.jpg 231w, https:\/\/salymileto.com\/wp-content\/uploads\/2014\/05\/PRIMER-ENSAYO-OKT.1994.jpg 747w\" sizes=\"(max-width: 231px) 100vw, 231px\" \/><\/a>&#8211; <\/p>\n<p>Entrando a la Laguna de Yambo, inicios de 1995.<br \/>\n<a href=\"http:\/\/salymileto.com\/wp-content\/uploads\/2014\/10\/Lluchos.jpg\"><img loading=\"lazy\" src=\"http:\/\/salymileto.com\/wp-content\/uploads\/2014\/10\/Lluchos-300x207.jpg\" alt=\"Lluchos\" width=\"300\" height=\"207\" class=\"alignnone size-medium wp-image-141\" srcset=\"https:\/\/salymileto.com\/wp-content\/uploads\/2014\/10\/Lluchos-300x207.jpg 300w, https:\/\/salymileto.com\/wp-content\/uploads\/2014\/10\/Lluchos.jpg 800w\" sizes=\"(max-width: 300px) 100vw, 300px\" \/><\/a><\/p>\n<p>Montando la obra de Teatro &#8220;Ceremonia con sangre&#8221; Plaza Belmonte 1996.<br \/>\n<a href=\"http:\/\/salymileto.com\/wp-content\/uploads\/2014\/10\/IMG_2171-copy.jpg\"><img loading=\"lazy\" src=\"http:\/\/salymileto.com\/wp-content\/uploads\/2014\/10\/IMG_2171-copy-300x194.jpg\" alt=\"IMG_2171 copy\" width=\"300\" height=\"194\" class=\"alignnone size-medium wp-image-140\" srcset=\"https:\/\/salymileto.com\/wp-content\/uploads\/2014\/10\/IMG_2171-copy-300x194.jpg 300w, https:\/\/salymileto.com\/wp-content\/uploads\/2014\/10\/IMG_2171-copy-1024x664.jpg 1024w, https:\/\/salymileto.com\/wp-content\/uploads\/2014\/10\/IMG_2171-copy.jpg 1300w\" sizes=\"(max-width: 300px) 100vw, 300px\" \/><\/a><\/p>\n<p>En Gu\u00e1pulo, Kito,1997.<br \/>\n<a href=\"http:\/\/salymileto.com\/wp-content\/uploads\/2014\/05\/s-y-m-B.jpg\"><img loading=\"lazy\" src=\"http:\/\/salymileto.com\/wp-content\/uploads\/2014\/05\/s-y-m-B-300x220.jpg\" alt=\"s y m B\" width=\"300\" height=\"220\" class=\"alignnone size-medium wp-image-154\" srcset=\"https:\/\/salymileto.com\/wp-content\/uploads\/2014\/05\/s-y-m-B-300x220.jpg 300w, https:\/\/salymileto.com\/wp-content\/uploads\/2014\/05\/s-y-m-B-1024x751.jpg 1024w, https:\/\/salymileto.com\/wp-content\/uploads\/2014\/05\/s-y-m-B.jpg 1602w\" sizes=\"(max-width: 300px) 100vw, 300px\" \/><\/a><\/p>\n<p>Kito, 1998.<br \/>\n<a href=\"http:\/\/salymileto.com\/wp-content\/uploads\/2014\/05\/IMG_2175-copy-11.jpg\"><img loading=\"lazy\" src=\"http:\/\/salymileto.com\/wp-content\/uploads\/2014\/05\/IMG_2175-copy-11-236x300.jpg\" alt=\"IMG_2175 copy (1)\" width=\"236\" height=\"300\" class=\"alignnone size-medium wp-image-156\" srcset=\"https:\/\/salymileto.com\/wp-content\/uploads\/2014\/05\/IMG_2175-copy-11-236x300.jpg 236w, https:\/\/salymileto.com\/wp-content\/uploads\/2014\/05\/IMG_2175-copy-11-806x1024.jpg 806w, https:\/\/salymileto.com\/wp-content\/uploads\/2014\/05\/IMG_2175-copy-11.jpg 888w\" sizes=\"(max-width: 236px) 100vw, 236px\" \/><\/a><\/p>\n<p>Alianza Francesa, Kito,1998.<br \/>\n<a href=\"http:\/\/salymileto.com\/wp-content\/uploads\/2014\/05\/ALIANZ1.jpg\"><img loading=\"lazy\" src=\"http:\/\/salymileto.com\/wp-content\/uploads\/2014\/05\/ALIANZ1-300x204.jpg\" alt=\"ALIANZ~1\" width=\"300\" height=\"204\" class=\"alignnone size-medium wp-image-158\" srcset=\"https:\/\/salymileto.com\/wp-content\/uploads\/2014\/05\/ALIANZ1-300x204.jpg 300w, https:\/\/salymileto.com\/wp-content\/uploads\/2014\/05\/ALIANZ1.jpg 800w\" sizes=\"(max-width: 300px) 100vw, 300px\" \/><\/a><\/p>\n<p>Pululahua, San Antonio, 1999.<br \/>\n<a href=\"http:\/\/salymileto.com\/wp-content\/uploads\/2014\/05\/pulu.jpg\"><img loading=\"lazy\" src=\"http:\/\/salymileto.com\/wp-content\/uploads\/2014\/05\/pulu.jpg\" alt=\"pulu\" width=\"295\" height=\"196\" class=\"alignnone size-full wp-image-164\" \/><\/a><\/p>\n<p>Rock al parque, Bogot\u00e1 &#8211; Colombia, 1999.<br \/>\n<a href=\"http:\/\/salymileto.com\/wp-content\/uploads\/2014\/05\/IMG_2166-copy.jpg\"><img loading=\"lazy\" src=\"http:\/\/salymileto.com\/wp-content\/uploads\/2014\/05\/IMG_2166-copy-300x189.jpg\" alt=\"IMG_2166 copy\" width=\"300\" height=\"189\" class=\"alignnone size-medium wp-image-160\" srcset=\"https:\/\/salymileto.com\/wp-content\/uploads\/2014\/05\/IMG_2166-copy-300x189.jpg 300w, https:\/\/salymileto.com\/wp-content\/uploads\/2014\/05\/IMG_2166-copy.jpg 967w\" sizes=\"(max-width: 300px) 100vw, 300px\" \/><\/a><\/p>\n<p>Kito, 2000.<br \/>\n<a href=\"http:\/\/salymileto.com\/wp-content\/uploads\/2014\/05\/IMG_2162-copy1.jpg\"><img loading=\"lazy\" src=\"http:\/\/salymileto.com\/wp-content\/uploads\/2014\/05\/IMG_2162-copy1-300x237.jpg\" alt=\"IMG_2162 copy\" width=\"300\" height=\"237\" class=\"alignnone size-medium wp-image-161\" srcset=\"https:\/\/salymileto.com\/wp-content\/uploads\/2014\/05\/IMG_2162-copy1-300x237.jpg 300w, https:\/\/salymileto.com\/wp-content\/uploads\/2014\/05\/IMG_2162-copy1.jpg 977w\" sizes=\"(max-width: 300px) 100vw, 300px\" \/><\/a><\/p>\n<p>Kito, 2001.<br \/>\n<a href=\"http:\/\/salymileto.com\/wp-content\/uploads\/2014\/05\/Mounstro.jpg\"><img loading=\"lazy\" src=\"http:\/\/salymileto.com\/wp-content\/uploads\/2014\/05\/Mounstro-231x300.jpg\" alt=\"Mounstro\" width=\"231\" height=\"300\" class=\"alignnone size-medium wp-image-163\" srcset=\"https:\/\/salymileto.com\/wp-content\/uploads\/2014\/05\/Mounstro-231x300.jpg 231w, https:\/\/salymileto.com\/wp-content\/uploads\/2014\/05\/Mounstro.jpg 650w\" sizes=\"(max-width: 231px) 100vw, 231px\" \/><\/a><\/p>\n<p>Teatro Kasa de la Kultura de Kotopaxi, Latakunga, 2002.<br \/>\n<a href=\"http:\/\/salymileto.com\/wp-content\/uploads\/2014\/05\/IMG_2182-copy.jpg\"><img loading=\"lazy\" src=\"http:\/\/salymileto.com\/wp-content\/uploads\/2014\/05\/IMG_2182-copy-300x194.jpg\" alt=\"IMG_2182 copy\" width=\"300\" height=\"194\" class=\"alignnone size-medium wp-image-165\" srcset=\"https:\/\/salymileto.com\/wp-content\/uploads\/2014\/05\/IMG_2182-copy-300x194.jpg 300w, https:\/\/salymileto.com\/wp-content\/uploads\/2014\/05\/IMG_2182-copy-1024x664.jpg 1024w, https:\/\/salymileto.com\/wp-content\/uploads\/2014\/05\/IMG_2182-copy.jpg 1241w\" sizes=\"(max-width: 300px) 100vw, 300px\" \/><\/a><\/p>\n<p>Karter Music, Grabaci\u00f3n disko Tres, Kito, 2003.<br \/>\n<a href=\"http:\/\/salymileto.com\/wp-content\/uploads\/2014\/05\/3manes.jpg\"><img loading=\"lazy\" src=\"http:\/\/salymileto.com\/wp-content\/uploads\/2014\/05\/3manes.jpg\" alt=\"3manes\" width=\"3396\" height=\"1133\" class=\"alignnone size-full wp-image-167\" \/><\/a><\/p>\n<p>Lanzamiento disko Tres, Mayo 2003.<br \/>\n<a href=\"http:\/\/salymileto.com\/wp-content\/uploads\/2014\/05\/IMG_2188-copy.jpg\"><img loading=\"lazy\" src=\"http:\/\/salymileto.com\/wp-content\/uploads\/2014\/05\/IMG_2188-copy-300x196.jpg\" alt=\"IMG_2188 copy\" width=\"300\" height=\"196\" class=\"alignnone size-medium wp-image-166\" srcset=\"https:\/\/salymileto.com\/wp-content\/uploads\/2014\/05\/IMG_2188-copy-300x196.jpg 300w, https:\/\/salymileto.com\/wp-content\/uploads\/2014\/05\/IMG_2188-copy-1024x670.jpg 1024w, https:\/\/salymileto.com\/wp-content\/uploads\/2014\/05\/IMG_2188-copy.jpg 1334w\" sizes=\"(max-width: 300px) 100vw, 300px\" \/><\/a><\/p>\n<p>Barcelona, Espa\u00f1a,2007.<br \/>\n<a href=\"http:\/\/salymileto.com\/wp-content\/uploads\/2014\/05\/barce-3.jpg\"><img loading=\"lazy\" src=\"http:\/\/salymileto.com\/wp-content\/uploads\/2014\/05\/barce-3-300x199.jpg\" alt=\"barce 3\" width=\"300\" height=\"199\" class=\"alignnone size-medium wp-image-174\" srcset=\"https:\/\/salymileto.com\/wp-content\/uploads\/2014\/05\/barce-3-300x199.jpg 300w, https:\/\/salymileto.com\/wp-content\/uploads\/2014\/05\/barce-3.jpg 500w\" sizes=\"(max-width: 300px) 100vw, 300px\" \/><\/a><\/p>\n<p>Senglar Rock, Lleida, Espa\u00f1a, 2007.<br \/>\n<a href=\"http:\/\/salymileto.com\/wp-content\/uploads\/2014\/05\/en-senglarock-catalu\u00f1a.jpg\"><img loading=\"lazy\" src=\"http:\/\/salymileto.com\/wp-content\/uploads\/2014\/05\/en-senglarock-catalu\u00f1a.jpg\" alt=\"en senglarock catalu\u00f1a\" width=\"240\" height=\"160\" class=\"alignnone size-full wp-image-179\" \/><\/a><\/p>\n<p>Mechelen, B\u00e9lgica, 2007.<br \/>\n<a href=\"http:\/\/salymileto.com\/wp-content\/uploads\/2014\/05\/mechelen-mileto.jpg\"><img loading=\"lazy\" src=\"http:\/\/salymileto.com\/wp-content\/uploads\/2014\/05\/mechelen-mileto-300x225.jpg\" alt=\"mechelen mileto\" width=\"300\" height=\"225\" class=\"alignnone size-medium wp-image-180\" srcset=\"https:\/\/salymileto.com\/wp-content\/uploads\/2014\/05\/mechelen-mileto-300x225.jpg 300w, https:\/\/salymileto.com\/wp-content\/uploads\/2014\/05\/mechelen-mileto.jpg 500w\" sizes=\"(max-width: 300px) 100vw, 300px\" \/><\/a><\/p>\n<p>Roma, Italia, 2007.<br \/>\n<a href=\"http:\/\/salymileto.com\/wp-content\/uploads\/2014\/05\/mileto-koliseo-roma.jpg\"><img loading=\"lazy\" src=\"http:\/\/salymileto.com\/wp-content\/uploads\/2014\/05\/mileto-koliseo-roma-300x225.jpg\" alt=\"mileto koliseo roma\" width=\"300\" height=\"225\" class=\"alignnone size-medium wp-image-181\" srcset=\"https:\/\/salymileto.com\/wp-content\/uploads\/2014\/05\/mileto-koliseo-roma-300x225.jpg 300w, https:\/\/salymileto.com\/wp-content\/uploads\/2014\/05\/mileto-koliseo-roma.jpg 1024w\" sizes=\"(max-width: 300px) 100vw, 300px\" \/><\/a><\/p>\n<p>Feria de la M\u00fasika de Buenos Aires, Argentina, 2008.<br \/>\n<a href=\"http:\/\/salymileto.com\/wp-content\/uploads\/2014\/05\/Bafim-Argentina-septiembre-del-2008.jpg\"><img loading=\"lazy\" src=\"http:\/\/salymileto.com\/wp-content\/uploads\/2014\/05\/Bafim-Argentina-septiembre-del-2008-300x200.jpg\" alt=\"Bafim Argentina septiembre del 2008\" width=\"300\" height=\"200\" class=\"alignnone size-medium wp-image-182\" srcset=\"https:\/\/salymileto.com\/wp-content\/uploads\/2014\/05\/Bafim-Argentina-septiembre-del-2008-300x200.jpg 300w, https:\/\/salymileto.com\/wp-content\/uploads\/2014\/05\/Bafim-Argentina-septiembre-del-2008-1024x685.jpg 1024w, https:\/\/salymileto.com\/wp-content\/uploads\/2014\/05\/Bafim-Argentina-septiembre-del-2008.jpg 1936w\" sizes=\"(max-width: 300px) 100vw, 300px\" \/><\/a><\/p>\n<p>Concierto 14 a\u00f1os, Kito, 2008.<br \/>\n<a href=\"http:\/\/salymileto.com\/wp-content\/uploads\/2014\/05\/HPIM2130.jpg\"><img loading=\"lazy\" src=\"http:\/\/salymileto.com\/wp-content\/uploads\/2014\/05\/HPIM2130-300x225.jpg\" alt=\"HPIM2130\" width=\"300\" height=\"225\" class=\"alignnone size-medium wp-image-187\" srcset=\"https:\/\/salymileto.com\/wp-content\/uploads\/2014\/05\/HPIM2130-300x225.jpg 300w, https:\/\/salymileto.com\/wp-content\/uploads\/2014\/05\/HPIM2130-1024x771.jpg 1024w\" sizes=\"(max-width: 300px) 100vw, 300px\" \/><\/a><\/p>\n<p>Teatro M\u00e9xico, grabaci\u00f3n del CD Elektroak\u00fastiko, Kito, 2008.<br \/>\n<a href=\"http:\/\/salymileto.com\/wp-content\/uploads\/2014\/05\/DSC_0020.jpg\"><img loading=\"lazy\" src=\"http:\/\/salymileto.com\/wp-content\/uploads\/2014\/05\/DSC_0020-300x184.jpg\" alt=\"DSC_0020\" width=\"300\" height=\"184\" class=\"alignnone size-medium wp-image-185\" srcset=\"https:\/\/salymileto.com\/wp-content\/uploads\/2014\/05\/DSC_0020-300x184.jpg 300w, https:\/\/salymileto.com\/wp-content\/uploads\/2014\/05\/DSC_0020-1024x630.jpg 1024w\" sizes=\"(max-width: 300px) 100vw, 300px\" \/><\/a><\/p>\n<p>Bar Soho, Guayakill, 2009.<br \/>\n<a href=\"http:\/\/salymileto.com\/wp-content\/uploads\/2014\/05\/SAL-Y-MILETO-GUAYAQUIL-creo-que-es-de-Helmut-esta-foto.jpg\"><img loading=\"lazy\" src=\"http:\/\/salymileto.com\/wp-content\/uploads\/2014\/05\/SAL-Y-MILETO-GUAYAQUIL-creo-que-es-de-Helmut-esta-foto-300x225.jpg\" alt=\"OLYMPUS DIGITAL CAMERA\" width=\"300\" height=\"225\" class=\"alignnone size-medium wp-image-193\" srcset=\"https:\/\/salymileto.com\/wp-content\/uploads\/2014\/05\/SAL-Y-MILETO-GUAYAQUIL-creo-que-es-de-Helmut-esta-foto-300x225.jpg 300w, https:\/\/salymileto.com\/wp-content\/uploads\/2014\/05\/SAL-Y-MILETO-GUAYAQUIL-creo-que-es-de-Helmut-esta-foto-1024x768.jpg 1024w\" sizes=\"(max-width: 300px) 100vw, 300px\" \/><\/a><\/p>\n<p>Brooklyn, EE.UU. 2010<br \/>\n<a href=\"http:\/\/salymileto.com\/wp-content\/uploads\/2014\/05\/sala-de-ensayos-en-brooklyn.jpg\"><img loading=\"lazy\" src=\"http:\/\/salymileto.com\/wp-content\/uploads\/2014\/05\/sala-de-ensayos-en-brooklyn-300x225.jpg\" alt=\"sala de ensayos en brooklyn\" width=\"300\" height=\"225\" class=\"alignnone size-medium wp-image-194\" srcset=\"https:\/\/salymileto.com\/wp-content\/uploads\/2014\/05\/sala-de-ensayos-en-brooklyn-300x225.jpg 300w, https:\/\/salymileto.com\/wp-content\/uploads\/2014\/05\/sala-de-ensayos-en-brooklyn.jpg 720w\" sizes=\"(max-width: 300px) 100vw, 300px\" \/><\/\n\nFeria Kitumbre, Kito, 2010.\n<a href=\"http:\/\/salymileto.com\/wp-content\/uploads\/2014\/05\/mileto-5.jpg\"><img loading=\"lazy\" src=\"http:\/\/salymileto.com\/wp-content\/uploads\/2014\/05\/mileto-5-300x225.jpg\" alt=\"mileto 5\" width=\"300\" height=\"225\" class=\"alignnone size-medium wp-image-201\" srcset=\"https:\/\/salymileto.com\/wp-content\/uploads\/2014\/05\/mileto-5-300x225.jpg 300w, https:\/\/salymileto.com\/wp-content\/uploads\/2014\/05\/mileto-5.jpg 720w\" sizes=\"(max-width: 300px) 100vw, 300px\" \/><\/a><\/p>\n<p>Octavo concierto en tributo a Pa\u00fal Segovia, Plaza del Teatro, Kito, 2011.<br \/>\n<a href=\"http:\/\/salymileto.com\/wp-content\/uploads\/2014\/05\/miletoband.jpg\"><img loading=\"lazy\" src=\"http:\/\/salymileto.com\/wp-content\/uploads\/2014\/05\/miletoband-300x225.jpg\" alt=\"miletoband\" width=\"300\" height=\"225\" class=\"alignnone size-medium wp-image-202\" srcset=\"https:\/\/salymileto.com\/wp-content\/uploads\/2014\/05\/miletoband-300x225.jpg 300w, https:\/\/salymileto.com\/wp-content\/uploads\/2014\/05\/miletoband.jpg 600w\" sizes=\"(max-width: 300px) 100vw, 300px\" \/><\/a><\/p>\n<p>Plaza de San Francisko, Kito, 2012.<br \/>\n<a href=\"http:\/\/salymileto.com\/wp-content\/uploads\/2014\/05\/salto-sn-fra.jpg\"><img loading=\"lazy\" src=\"http:\/\/salymileto.com\/wp-content\/uploads\/2014\/05\/salto-sn-fra-300x200.jpg\" alt=\"salto sn fra\" width=\"300\" height=\"200\" class=\"alignnone size-medium wp-image-203\" srcset=\"https:\/\/salymileto.com\/wp-content\/uploads\/2014\/05\/salto-sn-fra-300x200.jpg 300w, https:\/\/salymileto.com\/wp-content\/uploads\/2014\/05\/salto-sn-fra.jpg 720w\" sizes=\"(max-width: 300px) 100vw, 300px\" \/><\/a><\/p>\n<p>Lanzamiento EP Va&#8230;zuko, Fiesta de la M\u00fasika, Alianza Francesa, Kito, 2013.<br \/>\n<a href=\"http:\/\/salymileto.com\/wp-content\/uploads\/2014\/05\/sym-afq.jpg\"><img loading=\"lazy\" src=\"http:\/\/salymileto.com\/wp-content\/uploads\/2014\/05\/sym-afq-300x200.jpg\" alt=\"sym afq\" width=\"300\" height=\"200\" class=\"alignnone size-medium wp-image-205\" srcset=\"https:\/\/salymileto.com\/wp-content\/uploads\/2014\/05\/sym-afq-300x200.jpg 300w, https:\/\/salymileto.com\/wp-content\/uploads\/2014\/05\/sym-afq.jpg 960w\" sizes=\"(max-width: 300px) 100vw, 300px\" \/><\/a><\/p>\n","protected":false},"excerpt":{"rendered":"<p>Primer ensayo en la hacienda Tilipulo-Cotopaxi finales de Septiembre de 1994. &#8211; Entrando a la Laguna de Yambo, inicios de 1995. Montando la obra de Teatro &#8220;Ceremonia con sangre&#8221; Plaza Belmonte 1996. En Gu\u00e1pulo, Kito,1997. Kito, 1998. Alianza Francesa, Kito,1998. Pululahua, San Antonio, 1999. Rock al parque, Bogot\u00e1 &#8211; Colombia, 1999. Kito, 2000. Kito, 2001.<br \/><a class=\"moretag\" href=\"https:\/\/salymileto.com\/?page_id=37\">+ Read More<\/a><\/p>\n","protected":false},"author":2,"featured_media":0,"parent":0,"menu_order":0,"comment_status":"closed","ping_status":"closed","template":"","meta":[],"_links":{"self":[{"href":"https:\/\/salymileto.com\/index.php?rest_route=\/wp\/v2\/pages\/37"}],"collection":[{"href":"https:\/\/salymileto.com\/index.php?rest_route=\/wp\/v2\/pages"}],"about":[{"href":"https:\/\/salymileto.com\/index.php?rest_route=\/wp\/v2\/types\/page"}],"author":[{"embeddable":true,"href":"https:\/\/salymileto.com\/index.php?rest_route=\/wp\/v2\/users\/2"}],"replies":[{"embeddable":true,"href":"https:\/\/salymileto.com\/index.php?rest_route=%2Fwp%2Fv2%2Fcomments&post=37"}],"version-history":[{"count":17,"href":"https:\/\/salymileto.com\/index.php?rest_route=\/wp\/v2\/pages\/37\/revisions"}],"predecessor-version":[{"id":206,"href":"https:\/\/salymileto.com\/index.php?rest_route=\/wp\/v2\/pages\/37\/revisions\/206"}],"wp:attachment":[{"href":"https:\/\/salymileto.com\/index.php?rest_route=%2Fwp%2Fv2%2Fmedia&parent=37"}],"curies":[{"name":"wp","href":"https:\/\/api.w.org\/{rel}","templated":true}]}}